76?
7
What is the ten millions digit of 35414518?
3
What is the millions digit of 22306436?
2
What is the ten thousands digit of 801901765?
0
What is the units digit of 3198775977?
7
What is the millions digit of 29948674?
9
What is the ten millions digit of 39950404?
3
What is the ten millions digit of 44186756?
4
What is the thousands digit of 111400872?
0
What is the billions digit of 3055955573?
3
What is the millions digit of 27304731?
7
What is the ten millions digit of 19862692?
1
What is the thousands digit of 408331623?
1
What is the hundreds digit of 9181940931?
9
What is the millions digit of 2251916793?
1
What is the units digit of 184444073?
3
What is the ten millions digit of 1907195529?
0
What is the millions digit of 93697791?
3
What is the ten millions digit of 78777220?
7
What is the ten thousands digit of 90618497?
1
What is the ten millions digit of 4460372049?
6
What is the hundred thousands digit of 32456464?
4
What is the hundred millions digit of 974511044?
9
What is the hundred millions digit of 121900849?
1
What is the ten thousands digit of 1625720828?
2
What is the hundred millions digit of 186763907?
1
What is the ten millions digit of 39162744?
3
What is the hundred millions digit of 6601106461?
6
What is the tens digit of 99267449?
4
What is the ten thousands digit of 64934718?
3
What is the millions digit of 63099972?
3
What is the units digit of 160215436?
6
What is the ten millions digit of 18983719?
1
What is the thousands digit of 93453805?
3
What is the units digit of 3344284?
4
What is the units digit of 52103643?
3
What is the ten millions digit of 925828825?
2
What is the tens digit of 88916878?
7
What is the ten millions digit of 288698928?
8
What is the hundred millions digit of 416164880?
4
What is the hundred thousands digit of 433295325?
2
What is the ten millions digit of 402832678?
0
What is the tens digit of 2432464663?
6
What is the hundreds digit of 290418792?
7
What is the ten thousands digit of 10613343?
1
What is the billions digit of 4420352108?
4
What is the units digit of 252836489?
9
What is the ten millions digit of 1463135124?
6
What is the units digit of 1196665860?
0
What is the thousands digit of 9877439?
7
What is the thousands digit of 860853425?
3
What is the thousands digit of 57009637?
9
What is the ten thousands digit of 59330659?
3
What is the ten thousands digit of 20520231?
2
What is the thousands digit of 4923815?
3
What is the thousands digit of 515562636?
2
What is the millions digit of 88889650?
8
What is the tens digit of 765478821?
2
What is the ten millions digit of 32888405?
3
What is the thousands digit of 2710741605?
1
What is the tens digit of 320815991?
9
What is the ten millions digit of 1545397671?
4
What is the hundred thousands digit of 2224400338?
4
What is the thousands digit of 45824505?
4
What is the thousands digit of 329499641?
9
What is the hundred millions digit of 939972030?
9
What is the millions digit of 3299443609?
9
What is the millions digit of 814535713?
4
What is the units digit of 15348840?
0
What is the hundreds digit of 151024413?
4
What is the millions digit of 879343216?
9
What is the hundred thousands digit of 216994509?
9
What is the hundreds digit of 296816123?
1
What is the hundreds digit of 59642096?
0
What is the units digit of 8957167?
7
What is the thousands digit of 301349364?
9
What is the millions digit of 28506986?
8
What is the millions digit of 3616798410?
6
What is the thousands digit of 37790223?
0
What is the millions digit of 1781328382?
1
What is the hundred millions digit of 767315711?
7
What is the tens digit of 1100530944?
4
What is the hundred thousands digit of 48535900?
5
What is the tens digit of 32018952?
5
What is the thousands digit of 3009805462?
5
What is the tens digit of 2047874898?
9
What is the ten millions digit of 115762829?
1
What is the hundreds digit of 411173012?
0
What is the hundreds digit of 108248669?
6
What is the ten millions digit of 35225626?
3
What is the hundreds digit of 401288758?
7
What is the tens digit of 438037554?
5
What is the thousands digit of 359563128?
3
What is the ten millions digit of 333853511?
3
What is the units digit of 15990950?
0
What is the ten millions digit of 1782023308?
8
What is the millions digit of 46621969?
6
What is the hundred millions digit of 2799643587?
7
What is the hundred thousands digit of 467587080?
5
What is the units digit of 504581534?
4
What is the millions digit of 160110209?
0
What is the units digit of 4461779906?
6
What is the ten millions digit of 21687283?
2
What is the hundred millions digit of 119117642?
1
What is the tens digit of 9245459?
5
What is the thousands digit of 4528631?
8
What is the ten thousands digit of 2903171157?
7
What is the ten thousands digit of 187882203?
8
What is the units digit of 272330043?
3
What is the millions digit of 36477043?
6
What is the millions digit of 36053741?
6
What is the units digit of 89520309?
9
What is the thousands digit of 2334160002?
0
What is the hundred thousands digit of 228489632?
4
What is the millions digit of 6049411?
6
What is the units digit of 278957960?
0
What is the tens digit of 197629116?
1
What is the hundreds digit of 64377848?
8
What is the units digit of 1812671468?
8
What is the millions digit of 866744639?
6
What is the millions digit of 222140183?
2
What is the millions digit of 81296061?
1
What is the hundreds digit of 847280233?
2
What is the hundreds digit of 5333517?
5
What is the ten millions digit of 284639563?
8
What is the thousands digit of 2764128939?
8
What is the units digit of 5297138227?
7
What is the thousands digit of 1269662206?
2
What is the tens digit of 21375277?
7
What is the ten millions digit of 25338668?
2
What is the tens digit of 885468778?
7
What is the millions digit of 325492247?
5
What is the hundred thousands digit of 2512431768?
4
What is the hundred millions digit of 550163343?
5
What is the units digit of 8348205?
5
What is the ten millions digit of 731673262?
3
What is the ten thousands digit of 413379352?
7
What is the units digit of 1558129445?
5
What is the millions digit of 3781596444?
1
What is the tens digit of 565431785?
8
What is the hundred thousands digit of 7457479?
4
What is the hundred millions digit of 225627304?
2
What is the units digit of 266835055?
5
What is the ten millions digit of 41508878?
4
What is the ten thousands digit of 26895510?
9
What is the units digit of 57642722?
2
What is the ten millions digit of 111973034?
1
What is the tens digit of 86305994?
9
What is the units digit of 60424624?
4
What is the millions digit of 42294205?
2
What is the millions digit of 1430051676?
0
What is the tens digit of 20599024?
2
What is the millions digit of 64902141?
4
What is the hundreds digit of 2682439384?
3
What is the hundred thousands digit of 18077562?
0
What is the hundreds digit of 3471833904?
9
What is the thousands digit of 49027010?
7
What is the hundred millions digit of 177521350?
1
What is the thousands digit of 47670514?
0
What is the ten millions digit of 1650874776?
5
What is the thousands digit of 126749514?
9
What is the ten thousands digit of 17413?
1
What is the units digit of 68091798?
8
What is the hundred thousands digit of 65883039?
8
What is the hundreds digit of 117237784?
7
What is the millions digit of 946110437?
6
What is the hundred thousands digit of 95797293?
7
What is the ten thousands digit of 98470557?
7
What is the millions digit of 101203169?
1
What is the thousands digit of 1389253888?
3
What is the hundred thousands digit of 7248763?
2
What is the millions digit of 1063963993?
3
What is the hundreds digit of 1928344225?
2
What is the units digit of 771053329?
9
What is the hundreds digit of 1229238236?
2
What is the thousands digit of 116620338?
0
What is the ten thousands digit of 66092623?
9
What is the billions digit of 1724672237?
1
What is the hundred thousands digit of 1121859008?
8
What is the millions digit of 32549720?
2
What is the units digit of 3330319102?
2
What is the hundred thousands digit of 131450766?
4
What is the hundred thousands digit of 5775728819?
7
What is the ten millions digit of 18219866?
1
What is the millions digit of 11254882?
1
What is the thou